{"id":48,"date":"2026-07-30T09:44:20","date_gmt":"2026-07-30T09:44:20","guid":{"rendered":"https:\/\/esenew.eu\/?page_id=48"},"modified":"2026-09-02T16:14:30","modified_gmt":"2026-09-02T16:14:30","slug":"agenda","status":"publish","type":"page","link":"https:\/\/ese.lu\/en\/agenda\/","title":{"rendered":"Diary"},"content":{"rendered":"<div class=\"wp-block-cover\" style=\"margin-top:0;margin-bottom:0;padding-top:0;padding-bottom:0\"><img loading=\"lazy\" decoding=\"async\" width=\"1024\" height=\"576\" class=\"wp-block-cover__image-background wp-image-502 size-large\" alt=\"\" src=\"https:\/\/ese.lu\/wp-content\/uploads\/2026\/08\/exemples-de-planning-1-1024x576.png\" data-object-fit=\"cover\"\/><span aria-hidden=\"true\" class=\"wp-block-cover__background has-theme-palette-4-background-color has-background-dim-50 has-background-dim\"><\/span><div class=\"wp-block-cover__inner-container is-layout-flow wp-block-cover-is-layout-flow\">\n<h1 class=\"wp-block-heading has-text-align-center has-theme-palette-9-color has-text-color has-link-color has-larger-font-size wp-elements-1\">Diary<\/h1>\n<\/div><\/div>\n\n\n\n<h2 class=\"wp-block-heading has-text-align-center has-text-color has-link-color has-large-font-size wp-elements-2\" style=\"color:#23282b\"><strong>OUR UPCOMING WORKSHOPS<\/strong><\/h2>\n\n\n\n<p class=\"has-text-align-center wp-block-paragraph\"><em>Open to all, online registration.<\/em><\/p>\n\n\n\n<a title=\"Online ticket sales\" href=\"https:\/\/www.billetweb.fr\/multi_event.php?multi=34241&amp;color=659037\" class=\"shop_frame\" target=\"_blank\" data-src=\"https:\/\/www.billetweb.fr\/multi_event.php?multi=34241&amp;color=659037\" data-max-width=\"100%\" data-initial-height=\"400\" data-scrolling=\"no\" data-id=\"34241\" data-resize=\"1\">Online ticket sales<\/a><script type=\"text\/javascript\" src=\"https:\/\/www.billetweb.fr\/js\/export.js\"><\/script>\n\n\n\n<h2 class=\"wp-block-heading has-text-align-center has-text-color has-link-color has-large-font-size wp-elements-3\" style=\"color:#23282b\"><strong>OUR OTHER EVENTS<\/strong><\/h2>\n\n\n\n<p class=\"has-text-align-center wp-block-paragraph\"><em>Events, meetings and gatherings of the ESE community.<\/em><\/p>\n\n\n\n<iframe loading=\"lazy\" id=\"joynit-calendar-iframe\" width=\"100%\" height=\"850px\" src=\"https:\/\/app.joynit.io\/embed\/72XtJEdjPuUV\/event-feed?w-mobile=100vw&amp;language=fr&amp;logo-url=&amp;hidden-footer=true&amp;iframe-interactive-type=dynamic-event-new-tab&amp;hidden-calendar-side-panel=false&amp;show-public-holiday=false&amp;hide-header=true&amp;time-format=24h\" frameborder=\"0\" allowfullscreen=\"\"><\/iframe>","protected":false},"excerpt":{"rendered":"<p>NOS PROCHAINS ATELIERS Ouverts \u00e0 tous, inscription en ligne. Vente de billets en ligne NOS AUTRES RENDEZ-VOUS \u00c9v\u00e9nements, rencontres et r\u00e9unions de la communaut\u00e9 ESE.<\/p>","protected":false},"author":1,"featured_media":0,"parent":0,"menu_order":0,"comment_status":"closed","ping_status":"closed","template":"","meta":{"_kadence_starter_templates_imported_post":false,"_swpsp_post_exclude":false,"_kad_post_transparent":"disable","_kad_post_title":"hide","_kad_post_layout":"default","_kad_post_sidebar_id":"","_kad_post_content_style":"default","_kad_post_vertical_padding":"hide","_kad_post_feature":"hide","_kad_post_feature_position":"","_kad_post_header":false,"_kad_post_footer":false,"_kad_post_classname":"","footnotes":""},"class_list":["post-48","page","type-page","status-publish","hentry"],"yoast_head":"<!-- This site is optimized with the Yoast SEO plugin v28.4 - https:\/\/yoast.com\/product\/yoast-seo-wordpress\/ -->\n<title>Agenda - Environment and Sustainability Education Luxembourg<\/title>\n<meta name=\"robots\" content=\"index, follow, max-snippet:-1, max-image-preview:large, max-video-preview:-1\" \/>\n<link rel=\"canonical\" href=\"https:\/\/ese.lu\/en\/agenda\/\" \/>\n<meta property=\"og:locale\" content=\"en_GB\" \/>\n<meta property=\"og:type\" content=\"article\" \/>\n<meta property=\"og:title\" content=\"Agenda - Environment and Sustainability Education Luxembourg\" \/>\n<meta property=\"og:description\" content=\"NOS PROCHAINS ATELIERS Ouverts \u00e0 tous, inscription en ligne. Vente de billets en ligne NOS AUTRES RENDEZ-VOUS \u00c9v\u00e9nements, rencontres et r\u00e9unions de la communaut\u00e9 ESE.\" \/>\n<meta property=\"og:url\" content=\"https:\/\/ese.lu\/en\/agenda\/\" \/>\n<meta property=\"og:site_name\" content=\"Environment and Sustainability Education Luxembourg\" \/>\n<meta property=\"article:publisher\" content=\"https:\/\/www.facebook.com\/eseluxembourg\" \/>\n<meta property=\"article:modified_time\" content=\"2026-09-02T16:14:30+00:00\" \/>\n<meta property=\"og:image\" content=\"https:\/\/ese.lu\/wp-content\/uploads\/2026\/08\/exemples-de-planning-1-e1788207592110.png\" \/>\n\t<meta property=\"og:image:width\" content=\"600\" \/>\n\t<meta property=\"og:image:height\" content=\"338\" \/>\n\t<meta property=\"og:image:type\" content=\"image\/png\" \/>\n<meta name=\"twitter:card\" content=\"summary_large_image\" \/>\n<meta name=\"twitter:label1\" content=\"Estimated reading time\" \/>\n\t<meta name=\"twitter:data1\" content=\"1 minute\" \/>\n<script type=\"application\/ld+json\" class=\"yoast-schema-graph\">{\"@context\":\"https:\\\/\\\/schema.org\",\"@graph\":[{\"@type\":\"WebPage\",\"@id\":\"https:\\\/\\\/ese.lu\\\/agenda\\\/\",\"url\":\"https:\\\/\\\/ese.lu\\\/agenda\\\/\",\"name\":\"Agenda - Environment and Sustainability Education Luxembourg\",\"isPartOf\":{\"@id\":\"https:\\\/\\\/ese.lu\\\/#website\"},\"primaryImageOfPage\":{\"@id\":\"https:\\\/\\\/ese.lu\\\/agenda\\\/#primaryimage\"},\"image\":{\"@id\":\"https:\\\/\\\/ese.lu\\\/agenda\\\/#primaryimage\"},\"thumbnailUrl\":\"https:\\\/\\\/ese.lu\\\/wp-content\\\/uploads\\\/2026\\\/08\\\/exemples-de-planning-1-1024x576.png\",\"datePublished\":\"2026-07-30T09:44:20+00:00\",\"dateModified\":\"2026-09-02T16:14:30+00:00\",\"breadcrumb\":{\"@id\":\"https:\\\/\\\/ese.lu\\\/agenda\\\/#breadcrumb\"},\"inLanguage\":\"en-GB\",\"potentialAction\":[{\"@type\":\"ReadAction\",\"target\":[\"https:\\\/\\\/ese.lu\\\/agenda\\\/\"]}]},{\"@type\":\"ImageObject\",\"inLanguage\":\"en-GB\",\"@id\":\"https:\\\/\\\/ese.lu\\\/agenda\\\/#primaryimage\",\"url\":\"https:\\\/\\\/ese.lu\\\/wp-content\\\/uploads\\\/2026\\\/08\\\/exemples-de-planning-1-1024x576.png\",\"contentUrl\":\"https:\\\/\\\/ese.lu\\\/wp-content\\\/uploads\\\/2026\\\/08\\\/exemples-de-planning-1-1024x576.png\"},{\"@type\":\"BreadcrumbList\",\"@id\":\"https:\\\/\\\/ese.lu\\\/agenda\\\/#breadcrumb\",\"itemListElement\":[{\"@type\":\"ListItem\",\"position\":1,\"name\":\"Accueil\",\"item\":\"https:\\\/\\\/ese.lu\\\/\"},{\"@type\":\"ListItem\",\"position\":2,\"name\":\"Agenda\"}]},{\"@type\":\"WebSite\",\"@id\":\"https:\\\/\\\/ese.lu\\\/#website\",\"url\":\"https:\\\/\\\/ese.lu\\\/\",\"name\":\"Environment and Sustainability Education Luxembourg\",\"description\":\"Comprendre pour agir pour l&#039;environnement\",\"publisher\":{\"@id\":\"https:\\\/\\\/ese.lu\\\/#organization\"},\"potentialAction\":[{\"@type\":\"SearchAction\",\"target\":{\"@type\":\"EntryPoint\",\"urlTemplate\":\"https:\\\/\\\/ese.lu\\\/?s={search_term_string}\"},\"query-input\":{\"@type\":\"PropertyValueSpecification\",\"valueRequired\":true,\"valueName\":\"search_term_string\"}}],\"inLanguage\":\"en-GB\"},{\"@type\":\"Organization\",\"@id\":\"https:\\\/\\\/ese.lu\\\/#organization\",\"name\":\"Environment and Sustainability Education Luxembourg\",\"url\":\"https:\\\/\\\/ese.lu\\\/\",\"logo\":{\"@type\":\"ImageObject\",\"inLanguage\":\"en-GB\",\"@id\":\"https:\\\/\\\/ese.lu\\\/#\\\/schema\\\/logo\\\/image\\\/\",\"url\":\"https:\\\/\\\/ese.lu\\\/wp-content\\\/uploads\\\/2026\\\/07\\\/cropped-ESE-Luxembourg-LOGO_new_SL-02-scaled-1.png\",\"contentUrl\":\"https:\\\/\\\/ese.lu\\\/wp-content\\\/uploads\\\/2026\\\/07\\\/cropped-ESE-Luxembourg-LOGO_new_SL-02-scaled-1.png\",\"width\":512,\"height\":512,\"caption\":\"Environment and Sustainability Education Luxembourg\"},\"image\":{\"@id\":\"https:\\\/\\\/ese.lu\\\/#\\\/schema\\\/logo\\\/image\\\/\"},\"sameAs\":[\"https:\\\/\\\/www.facebook.com\\\/eseluxembourg\",\"https:\\\/\\\/www.linkedin.com\\\/company\\\/eselu\",\"https:\\\/\\\/www.instagram.com\\\/eseluxembourg\\\/\"]}]}<\/script>\n<!-- \/ Yoast SEO plugin. -->","yoast_head_json":{"title":"Agenda - Environment and Sustainability Education Luxembourg","robots":{"index":"index","follow":"follow","max-snippet":"max-snippet:-1","max-image-preview":"max-image-preview:large","max-video-preview":"max-video-preview:-1"},"canonical":"https:\/\/ese.lu\/en\/agenda\/","og_locale":"en_GB","og_type":"article","og_title":"Agenda - Environment and Sustainability Education Luxembourg","og_description":"NOS PROCHAINS ATELIERS Ouverts \u00e0 tous, inscription en ligne. Vente de billets en ligne NOS AUTRES RENDEZ-VOUS \u00c9v\u00e9nements, rencontres et r\u00e9unions de la communaut\u00e9 ESE.","og_url":"https:\/\/ese.lu\/en\/agenda\/","og_site_name":"Environment and Sustainability Education Luxembourg","article_publisher":"https:\/\/www.facebook.com\/eseluxembourg","article_modified_time":"2026-09-02T16:14:30+00:00","og_image":[{"width":600,"height":338,"url":"https:\/\/ese.lu\/wp-content\/uploads\/2026\/08\/exemples-de-planning-1-e1788207592110.png","type":"image\/png"}],"twitter_card":"summary_large_image","twitter_misc":{"Estimated reading time":"1 minute"},"schema":{"@context":"https:\/\/schema.org","@graph":[{"@type":"WebPage","@id":"https:\/\/ese.lu\/agenda\/","url":"https:\/\/ese.lu\/agenda\/","name":"Agenda - Environment and Sustainability Education Luxembourg","isPartOf":{"@id":"https:\/\/ese.lu\/#website"},"primaryImageOfPage":{"@id":"https:\/\/ese.lu\/agenda\/#primaryimage"},"image":{"@id":"https:\/\/ese.lu\/agenda\/#primaryimage"},"thumbnailUrl":"https:\/\/ese.lu\/wp-content\/uploads\/2026\/08\/exemples-de-planning-1-1024x576.png","datePublished":"2026-07-30T09:44:20+00:00","dateModified":"2026-09-02T16:14:30+00:00","breadcrumb":{"@id":"https:\/\/ese.lu\/agenda\/#breadcrumb"},"inLanguage":"en-GB","potentialAction":[{"@type":"ReadAction","target":["https:\/\/ese.lu\/agenda\/"]}]},{"@type":"ImageObject","inLanguage":"en-GB","@id":"https:\/\/ese.lu\/agenda\/#primaryimage","url":"https:\/\/ese.lu\/wp-content\/uploads\/2026\/08\/exemples-de-planning-1-1024x576.png","contentUrl":"https:\/\/ese.lu\/wp-content\/uploads\/2026\/08\/exemples-de-planning-1-1024x576.png"},{"@type":"BreadcrumbList","@id":"https:\/\/ese.lu\/agenda\/#breadcrumb","itemListElement":[{"@type":"ListItem","position":1,"name":"Accueil","item":"https:\/\/ese.lu\/"},{"@type":"ListItem","position":2,"name":"Agenda"}]},{"@type":"WebSite","@id":"https:\/\/ese.lu\/#website","url":"https:\/\/ese.lu\/","name":"Environment and Sustainability Education Luxembourg","description":"Understanding in order to act for the environment","publisher":{"@id":"https:\/\/ese.lu\/#organization"},"potentialAction":[{"@type":"SearchAction","target":{"@type":"EntryPoint","urlTemplate":"https:\/\/ese.lu\/?s={search_term_string}"},"query-input":{"@type":"PropertyValueSpecification","valueRequired":true,"valueName":"search_term_string"}}],"inLanguage":"en-GB"},{"@type":"Organization","@id":"https:\/\/ese.lu\/#organization","name":"Environment and Sustainability Education Luxembourg","url":"https:\/\/ese.lu\/","logo":{"@type":"ImageObject","inLanguage":"en-GB","@id":"https:\/\/ese.lu\/#\/schema\/logo\/image\/","url":"https:\/\/ese.lu\/wp-content\/uploads\/2026\/07\/cropped-ESE-Luxembourg-LOGO_new_SL-02-scaled-1.png","contentUrl":"https:\/\/ese.lu\/wp-content\/uploads\/2026\/07\/cropped-ESE-Luxembourg-LOGO_new_SL-02-scaled-1.png","width":512,"height":512,"caption":"Environment and Sustainability Education Luxembourg"},"image":{"@id":"https:\/\/ese.lu\/#\/schema\/logo\/image\/"},"sameAs":["https:\/\/www.facebook.com\/eseluxembourg","https:\/\/www.linkedin.com\/company\/eselu","https:\/\/www.instagram.com\/eseluxembourg\/"]}]}},"_links":{"self":[{"href":"https:\/\/ese.lu\/en\/wp-json\/wp\/v2\/pages\/48","targetHints":{"allow":["GET"]}}],"collection":[{"href":"https:\/\/ese.lu\/en\/wp-json\/wp\/v2\/pages"}],"about":[{"href":"https:\/\/ese.lu\/en\/wp-json\/wp\/v2\/types\/page"}],"author":[{"embeddable":true,"href":"https:\/\/ese.lu\/en\/wp-json\/wp\/v2\/users\/1"}],"replies":[{"embeddable":true,"href":"https:\/\/ese.lu\/en\/wp-json\/wp\/v2\/comments?post=48"}],"version-history":[{"count":25,"href":"https:\/\/ese.lu\/en\/wp-json\/wp\/v2\/pages\/48\/revisions"}],"predecessor-version":[{"id":867,"href":"https:\/\/ese.lu\/en\/wp-json\/wp\/v2\/pages\/48\/revisions\/867"}],"wp:attachment":[{"href":"https:\/\/ese.lu\/en\/wp-json\/wp\/v2\/media?parent=48"}],"curies":[{"name":"wp","href":"https:\/\/api.w.org\/{rel}","templated":true}]}}

<p>NOS PROCHAINS ATELIERS Ouverts à tous, inscription en ligne. Vente de billets en ligne NOS AUTRES RENDEZ-VOUS Événements, rencontres et réunions de la communauté ESE.</p>

<!-- This site is optimized with the Yoast SEO plugin v28.4 - https://yoast.com/product/yoast-seo-wordpress/ -->
<title>Agenda - Environment and Sustainability Education Luxembourg</title>
<meta name="robots" content="index, follow, max-snippet:-1, max-image-preview:large, max-video-preview:-1" />
<link rel="canonical" href="https://ese.lu/en/agenda/" />
<meta property="og:locale" content="en_GB" />
<meta property="og:type" content="article" />
<meta property="og:title" content="Agenda - Environment and Sustainability Education Luxembourg" />
<meta property="og:description" content="NOS PROCHAINS ATELIERS Ouverts à tous, inscription en ligne. Vente de billets en ligne NOS AUTRES RENDEZ-VOUS Événements, rencontres et réunions de la communauté ESE." />
<meta property="og:url" content="https://ese.lu/en/agenda/" />
<meta property="og:site_name" content="Environment and Sustainability Education Luxembourg" />
<meta property="article:publisher" content="https://www.facebook.com/eseluxembourg" />
<meta property="article:modified_time" content="2026-09-02T16:14:30+00:00" />
<meta property="og:image" content="https://ese.lu/wp-content/uploads/2026/08/exemples-de-planning-1-e1788207592110.png" />
	<meta property="og:image:width" content="600" />
	<meta property="og:image:height" content="338" />
	<meta property="og:image:type" content="image/png" />
<meta name="twitter:card" content="summary_large_image" />
<meta name="twitter:label1" content="Estimated reading time" />
	<meta name="twitter:data1" content="1 minute" />
<script type="application/ld+json" class="yoast-schema-graph">{"@context":"https:\/\/schema.org","@graph":[{"@type":"WebPage","@id":"https:\/\/ese.lu\/agenda\/","url":"https:\/\/ese.lu\/agenda\/","name":"Agenda - Environment and Sustainability Education Luxembourg","isPartOf":{"@id":"https:\/\/ese.lu\/#website"},"primaryImageOfPage":{"@id":"https:\/\/ese.lu\/agenda\/#primaryimage"},"image":{"@id":"https:\/\/ese.lu\/agenda\/#primaryimage"},"thumbnailUrl":"https:\/\/ese.lu\/wp-content\/uploads\/2026\/08\/exemples-de-planning-1-1024x576.png","datePublished":"2026-07-30T09:44:20+00:00","dateModified":"2026-09-02T16:14:30+00:00","breadcrumb":{"@id":"https:\/\/ese.lu\/agenda\/#breadcrumb"},"inLanguage":"en-GB","potentialAction":[{"@type":"ReadAction","target":["https:\/\/ese.lu\/agenda\/"]}]},{"@type":"ImageObject","inLanguage":"en-GB","@id":"https:\/\/ese.lu\/agenda\/#primaryimage","url":"https:\/\/ese.lu\/wp-content\/uploads\/2026\/08\/exemples-de-planning-1-1024x576.png","contentUrl":"https:\/\/ese.lu\/wp-content\/uploads\/2026\/08\/exemples-de-planning-1-1024x576.png"},{"@type":"BreadcrumbList","@id":"https:\/\/ese.lu\/agenda\/#breadcrumb","itemListElement":[{"@type":"ListItem","position":1,"name":"Accueil","item":"https:\/\/ese.lu\/"},{"@type":"ListItem","position":2,"name":"Agenda"}]},{"@type":"WebSite","@id":"https:\/\/ese.lu\/#website","url":"https:\/\/ese.lu\/","name":"Environment and Sustainability Education Luxembourg","description":"Comprendre pour agir pour l&#039;environnement","publisher":{"@id":"https:\/\/ese.lu\/#organization"},"potentialAction":[{"@type":"SearchAction","target":{"@type":"EntryPoint","urlTemplate":"https:\/\/ese.lu\/?s={search_term_string}"},"query-input":{"@type":"PropertyValueSpecification","valueRequired":true,"valueName":"search_term_string"}}],"inLanguage":"en-GB"},{"@type":"Organization","@id":"https:\/\/ese.lu\/#organization","name":"Environment and Sustainability Education Luxembourg","url":"https:\/\/ese.lu\/","logo":{"@type":"ImageObject","inLanguage":"en-GB","@id":"https:\/\/ese.lu\/#\/schema\/logo\/image\/","url":"https:\/\/ese.lu\/wp-content\/uploads\/2026\/07\/cropped-ESE-Luxembourg-LOGO_new_SL-02-scaled-1.png","contentUrl":"https:\/\/ese.lu\/wp-content\/uploads\/2026\/07\/cropped-ESE-Luxembourg-LOGO_new_SL-02-scaled-1.png","width":512,"height":512,"caption":"Environment and Sustainability Education Luxembourg"},"image":{"@id":"https:\/\/ese.lu\/#\/schema\/logo\/image\/"},"sameAs":["https:\/\/www.facebook.com\/eseluxembourg","https:\/\/www.linkedin.com\/company\/eselu","https:\/\/www.instagram.com\/eseluxembourg\/"]}]}</script>
<!-- / Yoast SEO plugin. -->

NOS PROCHAINS ATELIERS Ouverts à tous, inscription en ligne. Vente de billets en ligne NOS AUTRES RENDEZ-VOUS Événements, rencontres et réunions de la communauté ESE.
