{"id":29,"date":"2026-07-29T19:06:22","date_gmt":"2026-07-29T19:06:22","guid":{"rendered":"https:\/\/esenew.eu\/?page_id=29"},"modified":"2026-08-08T22:54:13","modified_gmt":"2026-08-08T22:54:13","slug":"legal","status":"publish","type":"page","link":"https:\/\/ese.lu\/en\/legal\/","title":{"rendered":"Legal notice"},"content":{"rendered":"<p class=\"wp-block-paragraph\">This is the official website of ESE Luxembourg. For any questions about this website and its content, you can contact ESE Luxembourg at the following address:&nbsp;<a href=\"mailto:contact@ese.lu\">contact@ese.lu<\/a><\/p>\n\n\n\n<p class=\"wp-block-paragraph\">ESE Luxembourg maintains this website to promote public access to up-to-date information. However, ESE Luxembourg accepts no responsibility for the use of the information contained on the pages published on this website. The content is provided for informational purposes only. It may contain information that is not necessarily complete, exhaustive, accurate, or current.<\/p>\n\n\n\n<p class=\"wp-block-paragraph\">The site sometimes links to external sites over which ESE Luxembourg has no control and for which it declines all responsibility.<\/p>\n\n\n\n<p class=\"wp-block-paragraph\">In accordance with Regulation (EU) 2016\/679 of the European Parliament and of the Council of 27 April 2016 on the protection of natural persons with regard to the processing of personal data and on the free movement of such data, and repealing Directive 95\/46\/EC (General Data Protection Regulation) (the \u00abGDPR\u00bb), which will apply throughout the European Union on 25 May 2018, you have certain rights, including the right to access information concerning you and the right to rectify inaccurate information. If you wish to exercise these rights, please send a message to <a href=\"mailto:contact@ese.lu\">contact@ese.lu<\/a><\/p>\n\n\n\n<p class=\"wp-block-paragraph\">ESE Luxembourg wishes to inform you that the collection and processing of personal data is carried out in accordance with current data protection legislation. The data collected on our website will be stored exclusively for internal use and will under no circumstances be transmitted to third parties.<\/p>","protected":false},"excerpt":{"rendered":"<p>Ceci est le site officiel d\u2019 ESE Luxembourg. Pour toute question sur ce site et son contenu vous pouvez contacter ESE Luxembourg \u00e0 l\u2019adresse&nbsp;contact@ese.lu ESE Luxembourg alimente ce site en vue de promouvoir l\u2019acc\u00e8s du public \u00e0 des informations actualis\u00e9es. Toutefois, ESE Luxembourg d\u00e9cline toute responsabilit\u00e9 pour l\u2019utilisation de l\u2019information contenue dans les pages publi\u00e9es&#8230;<\/p>","protected":false},"author":1,"featured_media":0,"parent":0,"menu_order":0,"comment_status":"closed","ping_status":"closed","template":"","meta":{"_kadence_starter_templates_imported_post":false,"_swpsp_post_exclude":false,"_kad_post_transparent":"","_kad_post_title":"","_kad_post_layout":"","_kad_post_sidebar_id":"","_kad_post_content_style":"","_kad_post_vertical_padding":"","_kad_post_feature":"","_kad_post_feature_position":"","_kad_post_header":false,"_kad_post_footer":false,"_kad_post_classname":"","footnotes":""},"class_list":["post-29","page","type-page","status-publish","hentry"],"yoast_head":"<!-- This site is optimized with the Yoast SEO plugin v28.4 - https:\/\/yoast.com\/product\/yoast-seo-wordpress\/ -->\n<title>Mentions l\u00e9gales - Environment and Sustainability Education Luxembourg<\/title>\n<meta name=\"robots\" content=\"index, follow, max-snippet:-1, max-image-preview:large, max-video-preview:-1\" \/>\n<link rel=\"canonical\" href=\"https:\/\/ese.lu\/en\/legal\/\" \/>\n<meta property=\"og:locale\" content=\"en_GB\" \/>\n<meta property=\"og:type\" content=\"article\" \/>\n<meta property=\"og:title\" content=\"Mentions l\u00e9gales - Environment and Sustainability Education Luxembourg\" \/>\n<meta property=\"og:description\" content=\"Ceci est le site officiel d\u2019 ESE Luxembourg. Pour toute question sur ce site et son contenu vous pouvez contacter ESE Luxembourg \u00e0 l\u2019adresse&nbsp;contact@ese.lu ESE Luxembourg alimente ce site en vue de promouvoir l\u2019acc\u00e8s du public \u00e0 des informations actualis\u00e9es. Toutefois, ESE Luxembourg d\u00e9cline toute responsabilit\u00e9 pour l\u2019utilisation de l\u2019information contenue dans les pages publi\u00e9es...\" \/>\n<meta property=\"og:url\" content=\"https:\/\/ese.lu\/en\/legal\/\" \/>\n<meta property=\"og:site_name\" content=\"Environment and Sustainability Education Luxembourg\" \/>\n<meta property=\"article:publisher\" content=\"https:\/\/www.facebook.com\/eseluxembourg\" \/>\n<meta property=\"article:modified_time\" content=\"2026-08-08T22:54:13+00:00\" \/>\n<meta property=\"og:image\" content=\"https:\/\/ese.lu\/wp-content\/uploads\/2026\/07\/WhatsApp-Image-2026-07-10-at-09.21.19-edited.jpeg\" \/>\n\t<meta property=\"og:image:width\" content=\"1229\" \/>\n\t<meta property=\"og:image:height\" content=\"922\" \/>\n\t<meta property=\"og:image:type\" content=\"image\/jpeg\" \/>\n<meta name=\"twitter:card\" content=\"summary_large_image\" \/>\n<meta name=\"twitter:label1\" content=\"Estimated reading time\" \/>\n\t<meta name=\"twitter:data1\" content=\"1 minute\" \/>\n<script type=\"application\/ld+json\" class=\"yoast-schema-graph\">{\"@context\":\"https:\\\/\\\/schema.org\",\"@graph\":[{\"@type\":\"WebPage\",\"@id\":\"https:\\\/\\\/ese.lu\\\/legal\\\/\",\"url\":\"https:\\\/\\\/ese.lu\\\/legal\\\/\",\"name\":\"Mentions l\u00e9gales - Environment and Sustainability Education Luxembourg\",\"isPartOf\":{\"@id\":\"https:\\\/\\\/ese.lu\\\/#website\"},\"datePublished\":\"2026-07-29T19:06:22+00:00\",\"dateModified\":\"2026-08-08T22:54:13+00:00\",\"breadcrumb\":{\"@id\":\"https:\\\/\\\/ese.lu\\\/legal\\\/#breadcrumb\"},\"inLanguage\":\"en-GB\",\"potentialAction\":[{\"@type\":\"ReadAction\",\"target\":[\"https:\\\/\\\/ese.lu\\\/legal\\\/\"]}]},{\"@type\":\"BreadcrumbList\",\"@id\":\"https:\\\/\\\/ese.lu\\\/legal\\\/#breadcrumb\",\"itemListElement\":[{\"@type\":\"ListItem\",\"position\":1,\"name\":\"Accueil\",\"item\":\"https:\\\/\\\/ese.lu\\\/\"},{\"@type\":\"ListItem\",\"position\":2,\"name\":\"Mentions l\u00e9gales\"}]},{\"@type\":\"WebSite\",\"@id\":\"https:\\\/\\\/ese.lu\\\/#website\",\"url\":\"https:\\\/\\\/ese.lu\\\/\",\"name\":\"Environment and Sustainability Education Luxembourg\",\"description\":\"Comprendre pour agir pour l&#039;environnement\",\"publisher\":{\"@id\":\"https:\\\/\\\/ese.lu\\\/#organization\"},\"potentialAction\":[{\"@type\":\"SearchAction\",\"target\":{\"@type\":\"EntryPoint\",\"urlTemplate\":\"https:\\\/\\\/ese.lu\\\/?s={search_term_string}\"},\"query-input\":{\"@type\":\"PropertyValueSpecification\",\"valueRequired\":true,\"valueName\":\"search_term_string\"}}],\"inLanguage\":\"en-GB\"},{\"@type\":\"Organization\",\"@id\":\"https:\\\/\\\/ese.lu\\\/#organization\",\"name\":\"Environment and Sustainability Education Luxembourg\",\"url\":\"https:\\\/\\\/ese.lu\\\/\",\"logo\":{\"@type\":\"ImageObject\",\"inLanguage\":\"en-GB\",\"@id\":\"https:\\\/\\\/ese.lu\\\/#\\\/schema\\\/logo\\\/image\\\/\",\"url\":\"https:\\\/\\\/ese.lu\\\/wp-content\\\/uploads\\\/2026\\\/07\\\/cropped-ESE-Luxembourg-LOGO_new_SL-02-scaled-1.png\",\"contentUrl\":\"https:\\\/\\\/ese.lu\\\/wp-content\\\/uploads\\\/2026\\\/07\\\/cropped-ESE-Luxembourg-LOGO_new_SL-02-scaled-1.png\",\"width\":512,\"height\":512,\"caption\":\"Environment and Sustainability Education Luxembourg\"},\"image\":{\"@id\":\"https:\\\/\\\/ese.lu\\\/#\\\/schema\\\/logo\\\/image\\\/\"},\"sameAs\":[\"https:\\\/\\\/www.facebook.com\\\/eseluxembourg\",\"https:\\\/\\\/www.linkedin.com\\\/company\\\/eselu\",\"https:\\\/\\\/www.instagram.com\\\/eseluxembourg\\\/\"]}]}<\/script>\n<!-- \/ Yoast SEO plugin. -->","yoast_head_json":{"title":"Mentions l\u00e9gales - Environment and Sustainability Education Luxembourg","robots":{"index":"index","follow":"follow","max-snippet":"max-snippet:-1","max-image-preview":"max-image-preview:large","max-video-preview":"max-video-preview:-1"},"canonical":"https:\/\/ese.lu\/en\/legal\/","og_locale":"en_GB","og_type":"article","og_title":"Mentions l\u00e9gales - Environment and Sustainability Education Luxembourg","og_description":"Ceci est le site officiel d\u2019 ESE Luxembourg. Pour toute question sur ce site et son contenu vous pouvez contacter ESE Luxembourg \u00e0 l\u2019adresse&nbsp;contact@ese.lu ESE Luxembourg alimente ce site en vue de promouvoir l\u2019acc\u00e8s du public \u00e0 des informations actualis\u00e9es. Toutefois, ESE Luxembourg d\u00e9cline toute responsabilit\u00e9 pour l\u2019utilisation de l\u2019information contenue dans les pages publi\u00e9es...","og_url":"https:\/\/ese.lu\/en\/legal\/","og_site_name":"Environment and Sustainability Education Luxembourg","article_publisher":"https:\/\/www.facebook.com\/eseluxembourg","article_modified_time":"2026-08-08T22:54:13+00:00","og_image":[{"width":1229,"height":922,"url":"https:\/\/ese.lu\/wp-content\/uploads\/2026\/07\/WhatsApp-Image-2026-07-10-at-09.21.19-edited.jpeg","type":"image\/jpeg"}],"twitter_card":"summary_large_image","twitter_misc":{"Estimated reading time":"1 minute"},"schema":{"@context":"https:\/\/schema.org","@graph":[{"@type":"WebPage","@id":"https:\/\/ese.lu\/legal\/","url":"https:\/\/ese.lu\/legal\/","name":"Mentions l\u00e9gales - Environment and Sustainability Education Luxembourg","isPartOf":{"@id":"https:\/\/ese.lu\/#website"},"datePublished":"2026-07-29T19:06:22+00:00","dateModified":"2026-08-08T22:54:13+00:00","breadcrumb":{"@id":"https:\/\/ese.lu\/legal\/#breadcrumb"},"inLanguage":"en-GB","potentialAction":[{"@type":"ReadAction","target":["https:\/\/ese.lu\/legal\/"]}]},{"@type":"BreadcrumbList","@id":"https:\/\/ese.lu\/legal\/#breadcrumb","itemListElement":[{"@type":"ListItem","position":1,"name":"Accueil","item":"https:\/\/ese.lu\/"},{"@type":"ListItem","position":2,"name":"Mentions l\u00e9gales"}]},{"@type":"WebSite","@id":"https:\/\/ese.lu\/#website","url":"https:\/\/ese.lu\/","name":"Environment and Sustainability Education Luxembourg","description":"Understanding in order to act for the environment","publisher":{"@id":"https:\/\/ese.lu\/#organization"},"potentialAction":[{"@type":"SearchAction","target":{"@type":"EntryPoint","urlTemplate":"https:\/\/ese.lu\/?s={search_term_string}"},"query-input":{"@type":"PropertyValueSpecification","valueRequired":true,"valueName":"search_term_string"}}],"inLanguage":"en-GB"},{"@type":"Organization","@id":"https:\/\/ese.lu\/#organization","name":"Environment and Sustainability Education Luxembourg","url":"https:\/\/ese.lu\/","logo":{"@type":"ImageObject","inLanguage":"en-GB","@id":"https:\/\/ese.lu\/#\/schema\/logo\/image\/","url":"https:\/\/ese.lu\/wp-content\/uploads\/2026\/07\/cropped-ESE-Luxembourg-LOGO_new_SL-02-scaled-1.png","contentUrl":"https:\/\/ese.lu\/wp-content\/uploads\/2026\/07\/cropped-ESE-Luxembourg-LOGO_new_SL-02-scaled-1.png","width":512,"height":512,"caption":"Environment and Sustainability Education Luxembourg"},"image":{"@id":"https:\/\/ese.lu\/#\/schema\/logo\/image\/"},"sameAs":["https:\/\/www.facebook.com\/eseluxembourg","https:\/\/www.linkedin.com\/company\/eselu","https:\/\/www.instagram.com\/eseluxembourg\/"]}]}},"_links":{"self":[{"href":"https:\/\/ese.lu\/en\/wp-json\/wp\/v2\/pages\/29","targetHints":{"allow":["GET"]}}],"collection":[{"href":"https:\/\/ese.lu\/en\/wp-json\/wp\/v2\/pages"}],"about":[{"href":"https:\/\/ese.lu\/en\/wp-json\/wp\/v2\/types\/page"}],"author":[{"embeddable":true,"href":"https:\/\/ese.lu\/en\/wp-json\/wp\/v2\/users\/1"}],"replies":[{"embeddable":true,"href":"https:\/\/ese.lu\/en\/wp-json\/wp\/v2\/comments?post=29"}],"version-history":[{"count":3,"href":"https:\/\/ese.lu\/en\/wp-json\/wp\/v2\/pages\/29\/revisions"}],"predecessor-version":[{"id":188,"href":"https:\/\/ese.lu\/en\/wp-json\/wp\/v2\/pages\/29\/revisions\/188"}],"wp:attachment":[{"href":"https:\/\/ese.lu\/en\/wp-json\/wp\/v2\/media?parent=29"}],"curies":[{"name":"wp","href":"https:\/\/api.w.org\/{rel}","templated":true}]}}

<p>Ceci est le site officiel d’ ESE Luxembourg. Pour toute question sur ce site et son contenu vous pouvez contacter ESE Luxembourg à l’adresse&nbsp;contact@ese.lu ESE Luxembourg alimente ce site en vue de promouvoir l’accès du public à des informations actualisées. Toutefois, ESE Luxembourg décline toute responsabilité pour l’utilisation de l’information contenue dans les pages publiées&#8230;</p>

<!-- This site is optimized with the Yoast SEO plugin v28.4 - https://yoast.com/product/yoast-seo-wordpress/ -->
<title>Mentions légales - Environment and Sustainability Education Luxembourg</title>
<meta name="robots" content="index, follow, max-snippet:-1, max-image-preview:large, max-video-preview:-1" />
<link rel="canonical" href="https://ese.lu/en/legal/" />
<meta property="og:locale" content="en_GB" />
<meta property="og:type" content="article" />
<meta property="og:title" content="Mentions légales - Environment and Sustainability Education Luxembourg" />
<meta property="og:description" content="Ceci est le site officiel d’ ESE Luxembourg. Pour toute question sur ce site et son contenu vous pouvez contacter ESE Luxembourg à l’adresse&nbsp;contact@ese.lu ESE Luxembourg alimente ce site en vue de promouvoir l’accès du public à des informations actualisées. Toutefois, ESE Luxembourg décline toute responsabilité pour l’utilisation de l’information contenue dans les pages publiées..." />
<meta property="og:url" content="https://ese.lu/en/legal/" />
<meta property="og:site_name" content="Environment and Sustainability Education Luxembourg" />
<meta property="article:publisher" content="https://www.facebook.com/eseluxembourg" />
<meta property="article:modified_time" content="2026-08-08T22:54:13+00:00" />
<meta property="og:image" content="https://ese.lu/wp-content/uploads/2026/07/WhatsApp-Image-2026-07-10-at-09.21.19-edited.jpeg" />
	<meta property="og:image:width" content="1229" />
	<meta property="og:image:height" content="922" />
	<meta property="og:image:type" content="image/jpeg" />
<meta name="twitter:card" content="summary_large_image" />
<meta name="twitter:label1" content="Estimated reading time" />
	<meta name="twitter:data1" content="1 minute" />
<script type="application/ld+json" class="yoast-schema-graph">{"@context":"https:\/\/schema.org","@graph":[{"@type":"WebPage","@id":"https:\/\/ese.lu\/legal\/","url":"https:\/\/ese.lu\/legal\/","name":"Mentions légales - Environment and Sustainability Education Luxembourg","isPartOf":{"@id":"https:\/\/ese.lu\/#website"},"datePublished":"2026-07-29T19:06:22+00:00","dateModified":"2026-08-08T22:54:13+00:00","breadcrumb":{"@id":"https:\/\/ese.lu\/legal\/#breadcrumb"},"inLanguage":"en-GB","potentialAction":[{"@type":"ReadAction","target":["https:\/\/ese.lu\/legal\/"]}]},{"@type":"BreadcrumbList","@id":"https:\/\/ese.lu\/legal\/#breadcrumb","itemListElement":[{"@type":"ListItem","position":1,"name":"Accueil","item":"https:\/\/ese.lu\/"},{"@type":"ListItem","position":2,"name":"Mentions légales"}]},{"@type":"WebSite","@id":"https:\/\/ese.lu\/#website","url":"https:\/\/ese.lu\/","name":"Environment and Sustainability Education Luxembourg","description":"Comprendre pour agir pour l&#039;environnement","publisher":{"@id":"https:\/\/ese.lu\/#organization"},"potentialAction":[{"@type":"SearchAction","target":{"@type":"EntryPoint","urlTemplate":"https:\/\/ese.lu\/?s={search_term_string}"},"query-input":{"@type":"PropertyValueSpecification","valueRequired":true,"valueName":"search_term_string"}}],"inLanguage":"en-GB"},{"@type":"Organization","@id":"https:\/\/ese.lu\/#organization","name":"Environment and Sustainability Education Luxembourg","url":"https:\/\/ese.lu\/","logo":{"@type":"ImageObject","inLanguage":"en-GB","@id":"https:\/\/ese.lu\/#\/schema\/logo\/image\/","url":"https:\/\/ese.lu\/wp-content\/uploads\/2026\/07\/cropped-ESE-Luxembourg-LOGO_new_SL-02-scaled-1.png","contentUrl":"https:\/\/ese.lu\/wp-content\/uploads\/2026\/07\/cropped-ESE-Luxembourg-LOGO_new_SL-02-scaled-1.png","width":512,"height":512,"caption":"Environment and Sustainability Education Luxembourg"},"image":{"@id":"https:\/\/ese.lu\/#\/schema\/logo\/image\/"},"sameAs":["https:\/\/www.facebook.com\/eseluxembourg","https:\/\/www.linkedin.com\/company\/eselu","https:\/\/www.instagram.com\/eseluxembourg\/"]}]}</script>
<!-- / Yoast SEO plugin. -->

Mentions légales - Environment and Sustainability Education Luxembourg

Ceci est le site officiel d’ ESE Luxembourg. Pour toute question sur ce site et son contenu vous pouvez contacter ESE Luxembourg à l’adresse&nbsp;contact@ese.lu ESE Luxembourg alimente ce site en vue de promouvoir l’accès du public à des informations actualisées. Toutefois, ESE Luxembourg décline toute responsabilité pour l’utilisation de l’information contenue dans les pages publiées...

Mentions légales
